pose -3 = -a - 0, -3*a + 6 = d*z. What is the tens digit of 14 + 2/z - -3?
1
Let a be (-1)/(1 - 2)*13. Let l = -1 + a. What is the units digit of l?
2
Let h be 3/(-2 + (-100)/(-48)). Suppose -5 = m, m = -p - 3*m + 37. Let u = p - h. What is the tens digit of u?
2
Let j(a) = 25*a - 22*a + 4*a**2 - 3*a**2 - 5 + 0*a**2. What is the tens digit of j(-9)?
4
Let h(g) = g - 7. Let l be h(7). Let z = l - -2. What is the units digit of z?
2
Suppose -u - 4*u + 110 = 0. Suppose b - u = -0*b. Let v = b + -12. What is the tens digit of v?
1
Let l(a) = -a - 3. Let s be l(-6). What is the units digit of s*(56/(-6))/(-4)?
7
Suppose -1 = -3*w + 8. Suppose 3*i - 4*g - 108 = 0, 157 = 8*i - w*i + g. What is the units digit of i?
2
Suppose -108 = -2*f - 2*f. Let s = -13 + f. Suppose -4*j - j + 6 = -4*o, -4*o - 5*j + s = 0. What is the units digit of o?
1
Let u = 31 + 1. What is the tens digit of u?
3
Suppose 0 = -2*n - 3*z - 34, 4*n = -0*z - 4*z - 64. Let x = -4 + n. Let w = x + 32. What is the units digit of w?
4
Let m(f) = -f**3 + 3*f**2 - 3*f. What is the tens digit of m(-3)?
6
Suppose 13*g - 20*g + 665 = 0. What is the units digit of g?
5
Suppose -2 = 5*o - 22. Suppose 2*m = 6, -o*v + 3*m = 4*m - 91. What is the tens digit of v?
2
Let n(q) = q**3 - q**2 + q. Let d be n(1). Suppose -2*c + d = -11. Let k = c + -3. What is the units digit of k?
3
Let d be -1*-2*(-2 - -4). Let j be 1*94/d*2. Suppose 0 = -2*z - 10, 0*z = 4*y - 3*z - j. What is the units digit of y?
8
Let l = 13 + -15. What is the units digit of (-55)/l + (-1)/2?
7
Suppose -2*m + 2 = -2. Suppose w = 3*z - 9, 2*w - 9 = -3*z - 0*w. Suppose -z*f + m = -f. What is the units digit of f?
1
Let f be 11/2 - 1/(-2). Suppose 4*h = f*h + 6. Let x = h + 6. What is the units digit of x?
3
Suppose -2*o = -4*s + 376, -5*s + 10*s - 469 = 2*o. Suppose 3*l = -12 + s. What is the units digit of l?
7
Let l be (-1)/4 + 18/8. Suppose 5*a - 5 = -5*g, -l*g - 8 = 2*g - 2*a. Let n = 5 + g. What is the units digit of n?
4
Let f = -34 + 49. Suppose 3*o + f = 63. What is the units digit of o?
6
Let a be (-6)/(-39) + 24/13. Let b = -16 - -30. Suppose a*h - b = 8. What is the units digit of h?
1
Let v(d) = -d + 1. Let i be v(-1). Let l = i + -1. Let r = 4 - l. What is the units digit of r?
3
Suppose 4*q = 3*y + 34, 4*q = 2*y - 0*y + 32. Suppose m - 3 = -i, 0*i + 3*m = i - q. Suppose i = -2*b + 4*b. What is the units digit of b?
2
Let w(z) = z**2 - 8*z + 7. Suppose 4*n + n = 120. Suppose 5*o - 2*o = n. What is the units digit of w(o)?
7
Let b = -2 - -6. Let a be (-3)/(-6*(-2)/(-68)). Suppose -3*r - 31 = -b*p, a = -p - p - 5*r. What is the units digit of p?
4
Let v be -1*(7 + -2)*-1. What is the units digit of 127/v - 6/(-10)?
6
Let j(x) be the first derivative of 5/3*x**3 + 0*x - 1 + 0*x**2. What is the units digit of j(1)?
5
Let s be (35/(-10) - -4)*10. Suppose -3 = j - 5. Suppose -6 = j*a + 5*t - 55, 5*a - 85 = -s*t. What is the units digit of a?
2
Suppose -78 + 150 = 2*z. What is the tens digit of z?
3
Let z(i) = i**3 - 5*i**2 - 5*i - 4. Let v be z(6). Let g(q) = q**2 + q - 2. What is the units digit of g(v)?
4
Suppose -3*f = f - 152. What is the units digit of f?
8
Let q = 9 + 46. What is the tens digit of q?
5
What is the tens digit of (-3440)/(-90) + 4/(-18)?
3
Suppose 0 = -9*n + 22*n - 1118. What is the units digit of n?
6
Let m(r) be the third derivative of r**6/360 - r**5/120 + r**4/8 + r**3/6 + r**2. Let n(b) be the first derivative of m(b). What is the units digit of n(3)?
9
Let l be (2/4)/((-1)/(-8)). Let f = l - 5. What is the units digit of -3*f/3 - -7?
8
Let u(h) be the third derivative of h**5/60 + 5*h**4/24 - 3*h**3/2 + 2*h**2. What is the tens digit of u(-8)?
1
Suppose 0 = 4*a - 0*a - 176. What is the tens digit of a?
4
Suppose 0 = 4*y - a - 23, 5*y - 20 + 1 = -2*a. Suppose t + 5*x - 3 = 0, y*t - x = -0*t + 119. What is the units digit of t?
3
Suppose -3*u + 2*z - 10 = 0, -z - 3*z + 20 = 0. Suppose 3*b + 116 - 8 = u. Let t = -21 - b. What is the units digit of t?
5
Let i be (3/6)/(1/6). Suppose i*q = -q + 32. What is the units digit of q?
8
Let l = 54 + -32. Let g(h) = -3*h**2 + 2*h + 1. Let u be g(-2). Let a = u + l. What is the units digit of a?
7
Let h be (9 + -11)*(-12)/1. Suppose -1 = -m, 9 = -0*o + o + 4*m. Suppose -o*f + f = -h. What is the units digit of f?
6
Suppose 0 = -5*r + 867 + 1133. What is the hundreds digit of r?
4
Let p be (-30)/4*20/(-25). What is the units digit of (p/(-12))/((-1)/28)?
4
What is the tens digit of -8*(3 - 13) + -3?
7
Let c(d) be the third derivative of 5/3*d**3 + 0*d - d**2 + 1/24*d**4 + 0. What is the units digit of c(0)?
0
What is the tens digit of ((-25)/3)/((-4)/36)?
7
Suppose -3*i - i - 2*y + 20 = 0, 4*i + y = 20. Let p = i + -1. Suppose -2*t + p*r + 52 = 2*t, r = 3*t - 35. What is the tens digit of t?
1
Let w = -16 + 35. What is the units digit of w?
9
Let l(i) = i**3 - 5*i**2 + i. What is the tens digit of l(6)?
4
Suppose 0 = 5*z + 5*q - 230, -8 = 5*q - 3. What is the tens digit of z?
4
Suppose 20 = -4*z + 280. Suppose 0 = 3*c - 8*c + z. What is the units digit of c?
3
Suppose 0 = 4*c - 2 - 6. Suppose -5*i + 65 = -5*a, c*a - 7*a - 47 = -3*i. What is the units digit of i?
9
Let s(z) = -9*z**2 + z**3 - 5 + z + 7 + 9. Let w be s(9). Suppose -d + 3*d - w = 3*t, -2*t = 5*d - 31. What is the units digit of d?
7
Suppose 0 = 4*d - 2*v + 324 - 1110, 5*d - 979 = -v. What is the units digit of d?
6
What is the units digit of (-25 - 0)/((-4)/8)?
0
Suppose 498 = 4*s + x, -4*x = -2*s + 5*s - 380. What is the units digit of s?
4
Let d(r) = -18 + 23 - 2*r - 5*r**2 - 3*r - r**2 - r**3. What is the units digit of d(-5)?
5
Let z = 19 + 26. What is the units digit of z?
5
Suppose 4*l = -r + 22, 4*l + r - 26 = -2*r. Let h = l - -4. What is the units digit of h?
9
What is the units digit of 102 + (2 - (4 - -1))?
9
Let p(q) = q**2 + q - 8. Let s be p(0). Let d(j) = 2*j + 2 + 5*j + j**2 - 6. What is the units digit of d(s)?
4
Suppose -5*b + p + 65 - 19 = 0, -5*b + 3*p = -38. Suppose -1 = w + 4*k, 5*w - k = b + 6. What is the units digit of w?
3
Let k = 6 + -1. Suppose 4*v - 19 = -0*g - 3*g, 0 = -v - k. What is the tens digit of g?
1
Let l = 61 + 24. What is the units digit of l?
5
What is the tens digit of 3/((9/30)/1)?
1
Suppose -l - 175 = -2*l. What is the units digit of l?
5
Suppose 2*w + 4 - 6 = 0. What is the tens digit of 633/18 - w/6?
3
Let n = -275 + 388. What is the hundreds digit of n?
1
Let v(p) = p**2 - p + 9. Let d be v(0). Let t = 13 - d. What is the units digit of (-1 - 1) + 7 + t?
9
Suppose 42 = -10*l + 12*l. What is the tens digit of l?
2
Let k(a) = a**2 - 10*a - 16. Let b(o) = -3*o - 7. Let p be b(-7). What is the tens digit of k(p)?
4
Let n(z) = 7*z**2 - 6*z + 2. What is the tens digit of n(-3)?
8
Suppose -4*p - 5*w + 0*w = -59, -w - 5 = 0. Suppose -3*f + 35 = m, -3*m - 7 + p = 2*f. What is the tens digit of f?
1
Suppose -4*c = -0*c. Suppose -4*z = -2*a - 18, 0 = -3*z - c*z - 5*a + 33. Suppose 12 = -2*r + z*r. What is the units digit of r?
3
Suppose -2*f + 2*m + 88 = 0, 73 = 2*f - 4*m - 19. What is the units digit of f?
2
Suppose 4*d + 0*f - 562 = -2*f, 416 = 3*d - 4*f. What is the tens digit of d?
4
Suppose x = 106 + 21. What is the tens digit of x?
2
Let x(d) = d**3 + 3*d**2 + 2. What is the units digit of x(3)?
6
Let n(f) = -7*f - 2*f**3 + 9 + 2*f**3 + f**3 - 2*f**3 + 9*f**2. What is the units digit of n(8)?
7
Let y(o) = 9*o**2 + 2*o + 3. What is the units digit of y(-2)?
5
Let d(y) be the second derivative of y**4/12 + y**3/6 + 13*y**2/2 + 8*y. What is the tens digit of d(0)?
1
Let a be ((-1)/(-2))/((-2)/(-116)). Let p = 40 - a. What is the tens digit of p?
1
Suppose 4 = -5*f + 9. Let p = 11 + -10. Let v = f + p. What is the units digit of v?
2
Suppose -o + 3 = 4*w - 81, 3*o = -12. What is the tens digit of w?
2
Let c = 25 - 14. Let w = 6 - c. What is the units digit of w/(-4) - (-2)/(-8)?
1
Let w(u) = -7*u**2 - 12*u + 2. Let h(q) = -10*q**2 - 18*q + 3. Let n(m) = 5*h(m) - 7*w(m). What is the units digit of n(-6)?
1
Let s be 0 + 3/3 + 4. Suppose -4*j - 12 = -s*t, 2*j - 26 = -j - 5*t. What is the units digit of j?
2
Let r(y) = y**2 + 9*y - 4. Let b be (-10)/(2 + (-1 - 0)). Let n be r(b). Let s(h) = h + 1. What is the units digit of s(n)?
7
Suppose -2*g + 0*g + 2 = 4*l,